et c(s) = 0 - 4 + 4*s - 5*s. Let n be 12/60 - (-38)/10. Suppose -15*u = -n*u - 55. Determine c(u).
-9
Let h(f) = -f + 31. Let g be h(7). Suppose g = -20*w + 14*w. Let y(q) = -2*q**3 - 7*q**2 + 2*q - 3. Let z be y(w). Let i(a) = a**3 - 5*a**2 - 4. What is i(z)?
-4
Let l(r) be the first derivative of r**3/3 - 7*r**2/2 - 26*r + 9342. What is l(10)?
4
Suppose 0 = -6*i + 24*i - 126. Suppose 5*j + i*q + 27 = 10*q, -5*q = -5*j - 25. Let p(m) = 4*m + 9. Give p(j).
-15
Let p(g) = -3*g**3 - 17*g - 7. Let r(m) = -2*m**3 + 2*m**2 - 15*m - 6. Let k(z) = -3*p(z) + 4*r(z). Determine k(-9).
-3
Let i(s) = 92*s**3 + 2179974*s - 2*s**2 - 2 - 2179973*s + 2*s**2. Give i(1).
91
Suppose 15 - 10 = 5*u. Let w be (-189)/(-54) + u/2*-3. Let f(m) = 6*m + 8 + m + m + 2*m**2 + w*m. Calculate f(-6).
20
Let v(i) = 8*i + 181. Suppose -8*j - 3 = 173. Calculate v(j).
5
Let b(m) = m**3 + 5*m**2 - m - 6. Let r be 1/(0 + (-7)/91). Let c be (1/3)/(r/195). What is b(c)?
-1
Let z be ((-105)/14 - -7)*3*2. Let h = -32 + 34. Let n(i) = -8*i**2 - 2 - 5*i + 1 + 7*i**2 + 0*i**h. Determine n(z).
5
Let a(n) = 19*n**2 - 45*n - 49. Let o(i) = 7*i**2 - 15*i - 16. Let j(h) = 4*a(h) - 11*o(h). Calculate j(-10).
30
Suppose -22*z + 58 + 15 = -125. Let v(f) = 6*f**2 - 55*f + 13. Calculate v(z).
4
Suppose 4*b = b + 15. Suppose 0 = -6*y + 7 + b. Let d(a) = -5*a**2 + y*a**2 - a + 0*a + a**3. Give d(4).
12
Let o(n) be the first derivative of n**2/2 + 64*n + 18. Let t be o(-19). Let j = t + -52. Let d(u) = u**2 + 6*u + 7. What is d(j)?
14
Let d(r) = 534*r**2 + 12*r - 6*r - 7 + 23 - 267*r**2 - 268*r**2. Calculate d(8).
0
Let x be -1 + (-2 - 0)/(-1). Let g(b) be the third derivative of b**4/8 - 161*b**2 - b + 1. What is g(x)?
3
Let h(w) = w**3. Let t(x) be the first derivative of -x**4/4 - 4*x**3/3 - 2*x - 1460. Let l be 15/(-4) + 2/(-8). Let p be t(l). Calculate h(p).
-8
Let r(w) = 2*w + 0*w - 7 + 0 - 6*w + 1. Suppose -5 = a - 0. Determine r(a).
14
Let i(y) = -33767 - y**3 + 33772 + 0*y**3 - 3*y**2 - 8*y**2. Determine i(-10).
-95
Let a(p) = -7*p - 50. Suppose 26*z = b - 252, 2*z - 2*b - 11 = -15. Determine a(z).
20
Let l(j) = -4*j**2 - 186*j - 88. Let x(f) = f**2 + 183*f + 3904. Let d be x(-25). Calculate l(d).
4
Suppose 0 = -31*y + 28*y + 15. Let j(q) = 4*q - 14. Let u(l) = -l + 4. Let z(i) = j(i) + 2*u(i). Give z(y).
4
Let f(q) be the third derivative of -q**6/60 + q**5/3 + q**4/12 - 7*q**3/6 - 11*q**2 - q - 36. Calculate f(10).
13
Suppose 553*d + 54 + 16 = 563*d. Let l(k) be the first derivative of d*k - 5 - 1/2*k**2. What is l(9)?
-2
Let l(d) be the first derivative of -3*d**2/2 + 2*d - 950. Suppose 0 = 3*s + s - 136. Let g be (-8)/(-20) + s/(-10). What is l(g)?
11
Let k(p) = 27*p**3 - 7*p**2 + 13*p - 39. Let y(i) = 5*i**3 - i**2 + 2*i - 8. Let l(a) = -2*k(a) + 11*y(a). Determine l(-4).
-10
Let t(r) = r**2 - 5*r - 7. Let z be t(6). Let b be 9/6 - (-1)/2. Let s(x) = -6*x**2 - 5*x**b + 8*x**3 - 2*x - 1 + 10*x**2. Give s(z).
-8
Let j(i) = -20*i**2. Let f(d) = -61*d**2 - 12*d + 3. Let r(p) = 2*f(p) - 6*j(p). Determine r(-13).
-20
Let r(a) = a**2 + 81*a + 166. Let f be r(-2). Let h(j) = -2*j**2 + 20*j - 8. Give h(f).
24
Let x = -77 - -73. Let j = 4 - 7. Let o = x + j. Let i(b) = b + 10. Calculate i(o).
3
Let t(o) = 10*o + 2. Let z(j) = -5*j**3 + 52*j**2 - 132*j - 9. Let d be z(6). Determine t(d).
-88
Let t(w) = w**2 + 9*w - 11. Suppose 128*h + 475 = -555 - 378. Calculate t(h).
11
Let r = 333 + -328. Let x be (93/15 + -4 - r)*5. Let c(d) = -2*d - 27. Calculate c(x).
1
Let p(v) = 21*v**2 + 4*v + 1. Let c be p(-2). Let m(u) = 143*u - c*u - 72*u - 3 - 3. Suppose -3*s - 2*r - 16 = 0, 2*r + 3*r = 5*s + 10. Determine m(s).
18
Let p be (-4)/2*(-1566)/12. Let u = p - 259. Let h(t) = 6*t**2 + 2*t + 1. Determine h(u).
29
Let d(a) be the first derivative of a**6/360 - 7*a**5/120 + a**4/12 - 155*a**3/3 + 214. Let j(i) be the third derivative of d(i). Determine j(6).
-4
Let x(j) be the third derivative of -j**5/60 + j**4/12 + 2*j**3/3 - 9*j**2 + 61*j. Give x(2).
4
Let c(l) = -1546*l - 8 - 1561*l + 3120*l. Give c(-7).
-99
Suppose 0 = -3*u + 4*w - 3*w - 2634, -5*u = 3*w + 4376. Let r = 877 + u. Let z(c) = -c**3 - c**2 + c + 32. Calculate z(r).
32
Let h be 6 - (0/(-5) - -4). Let w(z) = -h*z + 15 - 27 - 5. What is w(-13)?
9
Let z(u) be the second derivative of -11/2*u**2 + 0 - 1/20*u**5 - 5/6*u**3 + 7/12*u**4 - 24*u. Calculate z(6).
-5
Let h(k) be the first derivative of -11 + 2/3*k**3 + 3/2*k**2 - 4*k. Determine h(-3).
5
Let h be (-1413)/(-21) - 2/7. Let k = h + -50. Suppose -18 = -k*m + 14*m. Let z(l) = l**3 - 6*l**2 - l + 1. What is z(m)?
-5
Let t(l) be the first derivative of 22*l - 43 - 1/3*l**3 - 11/2*l**2. What is t(-13)?
-4
Let r = 45 - 100. Let b be 6 + (30/(-55) - (-575)/r). Let d(a) = 8*a - 7. Calculate d(b).
-47
Let k(n) = n - 6. Let m(d) = d. Let z(s) = k(s) - 2*m(s). Let b be 3/(-9)*4 + 12/(-18). Let r(l) = -l**2 - 5*l - 6. Let h be r(b). Calculate z(h).
-6
Let x(v) = -5*v**2 + 0 + 2 + 6*v**2 + 6*v. Let w be x(-6). Let y(i) = -44*i**2 + w*i**3 + 7 - i + 39*i**2 - i**3. What is y(5)?
2
Let w be ((-18)/(-12))/(2/(-8)). Let t(u) = 6*u**3 + 5*u**2 - 4*u - 6. Let v(b) = -7*b**3 - 6*b**2 + 5*b + 5. Let o(k) = w*t(k) - 5*v(k). Give o(0).
11
Let n(w) = 3*w**3 + w**2 + 4. Let v(h) = -7*h**3 - 2*h**2 - h - 9. Let u(r) = 5*n(r) + 2*v(r). Suppose -6*b - 15*b + 63 = 0. Give u(b).
32
Let b(q) = q. Let i(r) = r + 4. Let w(h) = -2*b(h) + i(h). Let u be (-13)/(-3) + 6/(-18). Calculate w(u).
0
Let g(d) be the second derivative of -4*d**3/3 - 121*d**2/2 - 5*d + 15. What is g(-17)?
15
Let t be (-9*(-45)/972)/((-50)/(-16)). Let f(m) be the third derivative of -9*m**2 + 0 + 5/3*m**3 - 1/12*m**4 - t*m**5 + 1/120*m**6 + 0*m. Give f(8).
-6
Let u(w) = -w**2 + 7*w - 8. Let i = -63 + 74. Suppose i*v = 144 + 318. Suppose p - 8*p + v = 0. Give u(p).
-2
Let u = 113 - 581. Let y be (16/12)/(8/u) + -3. Let z = 86 + y. Let d(h) = h**2 - 5*h + 7. What is d(z)?
7
Suppose 0*o = -3*o - 24. Let b(m) be the second derivative of -m**4/12 - 4*m**3/3 + m**2 + 6324*m + 1. Give b(o).
2
Let a(x) = -4 + 15 - 3*x - x**2 - 3*x. Suppose 220*s = 486 - 2246. Determine a(s).
-5
Let s(g) = 12*g - 4. Suppose -14*n - 290 = -159*n. What is s(n)?
20
Let v(k) = -19*k**2 + 14*k + 1. Let g(o) = -3*o**2 + o. Let n(m) = 14*g(m) - v(m). Suppose 5*x - 4 = -9. Give n(x).
-24
Suppose -m - 4*m = 35. Let a(l) = 6*l - 31 + 4*l**2 - 3*l**2 - 57 + 89. Give a(m).
8
Let z(h) = -2*h**2 + 12*h + 8. Let i(f) = -18*f**3 - 125*f**2 + 8*f + 16. Let w be i(-7). What is z(w)?
-46
Suppose 110 + 322 = 2*p - 2*y, -2*p + 439 = 5*y. Let f be (62/p)/((-1)/(-14)). Let b(j) = 2*j**2 - 4*j - 5. Give b(f).
11
Let q(x) = 8*x. Let l = 30 - 23. Let w be l + -1 + (-61 - -52). What is q(w)?
-24
Let m(v) = -2*v**2 - 23*v - 40. Suppose 25 = -3*g - t, -5*g + 27*t = 30*t + 39. Give m(g).
5
Let f(o) = -o**2 - 12*o - 41. Suppose -89*b = -43*b + 414. Give f(b).
-14
Let o(k) be the first derivative of 2*k**3/3 + 65*k**2/2 + 97*k + 1531. Calculate o(-31).
4
Let c(h) be the first derivative of h**4/4 + 25*h**3/3 - 23*h**2/2 + 73*h - 19. Let d be c(-26). Let o(z) = z**3 + 6*z**2 + 3*z - 4. What is o(d)?
6
Let p(t) = -t**3 - 7*t**2 - 2*t - 2. Let o(j) = -3*j - 12*j + 2*j. Let v be o(-5). Let w = -72 + v. What is p(w)?
12
Let n be (-1)/2*(3 + -5). Suppose 0 = -255*m + 213*m + 84. Let x(z) = -n + m - 3*z + 2 + z**2. Calculate x(3).
3
Let v(n) = n**2 + 2*n - 22. Suppose 33*x = -77 - 88. Give v(x).
-7
Let u be 3/6*14/7. Let r(q) = -5*q**3 - q**2 + q - 1. Calculate r(u).
-6
Let d(r) be the first derivative of -2*r**3/3 - 5*r**2/2 - 2*r - 1. Let s(v) = 40*v - 79. Let c be s(7). Suppose 71*i + c + 154 = 0. What is d(i)?
-27
Suppose 2*x + 43 = -87. Let t = -67 - x. Let r(p) be the first derivative of 4*p**3/3 + p**2 - 2*p - 7. Determine r(t).
10
Let i(w) = -58*w + 6*w + 2*w + 11*w + 32*w - 78. Calculate i(-11).
-1
Let v(k) = 16*k + 456. Let x be v(-29). Let a(u) = -u**3 - 9*u**2 - 10*u - 13. Give a(x).
3
Let a(u) = -4 + 2*u**2 + 5*u**2 + 4*u - 4*u**2. Suppose 43 - 37 = -80*c + 246. Determine a(c).
35
Let a(x) = 610554648*x**3 + 4 - 610554649*x**3 + 5*x - 9*x**2 + 8. Let s(r) = -r**2 - 9. Let f be s(0). Calculate a(f).
-33
Let l(g) = 8*g + 51. Let i = -145 + 139. Let d be l(i). Let v(r) = 2*r - r**2 - 3*r + 4 - 3 + 5*r. 